{"id":12,"date":"2016-09-20T22:14:22","date_gmt":"2016-09-20T20:14:22","guid":{"rendered":"http:\/\/pssv.at\/?page_id=12"},"modified":"2020-02-24T12:30:27","modified_gmt":"2020-02-24T11:30:27","slug":"der-verein","status":"publish","type":"page","link":"https:\/\/pssv.at\/?page_id=12","title":{"rendered":"DER_VEREIN"},"content":{"rendered":"<h2>Puntigamer Sportsch\u00fctzenverein<\/h2>\n<p>Seit bereits einigen Jahren ist der PSSV in Graz-Puntigam beheimatet. Wir bieten Schie\u00dfen im Rahmen der IPSC und\u00a0klassisches Pr\u00e4zisionsschie\u00dfen und veranstalten sowohl Bewerbe f\u00fcr Mitglieder\u00a0als auch \u00f6ffentliche (z.B. Landesmeisterschaften und Staatsmeisterschaften IPSC, Styria Cup). Ziel ist es, dass unsere Mitglieder in geselliger Runde und entsprechender Infrastruktur gemeinsam dem Schie\u00dfsport nachgehen k\u00f6nnen und auch Nachwuchs- und Neosch\u00fctzen zu f\u00f6rdern.<\/p>\n<h2><\/h2>\n<h2>Zur Entstehung des Vereins<\/h2>\n<p style=\"text-align: justify;\">Im Jahre 2002 wurden von einigen Mitgliedern der \u201ePolizeisportvereinigung Graz\u201c sechs alte Lagerkeller der Brauerei Puntigam angemietet. Dort wurde eine neue und bessere Schie\u00dfst\u00e4tte errichtet.<\/p>\n<p style=\"text-align: justify;\">Als Mieter wurde der &#8211; Halterverein &#8211; \u201eIG-PSV-Graz Puntigamer\u201c gegr\u00fcndet.<\/p>\n<p style=\"text-align: justify;\">Es folgten viele erfolgreiche Jahre in Zusammenarbeit zwischen der \u201eIG-PSV-Graz Puntigamer\u201c und der \u201ePolizeisportvereinigung Graz\u201c.<\/p>\n<p style=\"text-align: justify;\">Im Sommer 2010 kam es allerdings zur Trennung der beiden oben genannten Vereine.\u00a0Die \u201eIG-PSV-Graz Puntigamer\u201c wurde in einer au\u00dferordentlichen Generalversammlung in den \u201ePuntigamer Sportsch\u00fctzenverein\u201c umgewandelt.<\/p>\n<p style=\"text-align: justify;\">Wir sind sehr stolz, dass wir den Namen \u201ePuntigamer\u201c im Vereinsnamen f\u00fchren d\u00fcrfen und bedanken uns an dieser Stelle\u00a0f\u00fcr die tatkr\u00e4ftige Unterst\u00fctzung bei der Brauerei Puntigam.<\/p>\n<h2><\/h2>\n","protected":false},"excerpt":{"rendered":"<p>Puntigamer Sportsch\u00fctzenverein Seit bereits einigen Jahren ist der PSSV in Graz-Puntigam beheimatet. Wir bieten Schie\u00dfen im Rahmen der IPSC und\u00a0klassisches Pr\u00e4zisionsschie\u00dfen und veranstalten sowohl Bewerbe f\u00fcr Mitglieder\u00a0als auch \u00f6ffentliche (z.B. Landesmeisterschaften und Staatsmeisterschaften IPSC, Styria Cup). Ziel ist es, dass unsere Mitglieder in geselliger Runde und entsprechender Infrastruktur gemeinsam dem Schie\u00dfsport nachgehen k\u00f6nnen und auch Nachwuchs- und Neosch\u00fctzen zu f\u00f6rdern. Zur Entstehung des Vereins Im Jahre 2002 wurden von einigen Mitgliedern der \u201ePolizeisportvereinigung Graz\u201c sechs alte Lagerkeller der Brauerei Puntigam angemietet. Dort wurde eine neue und bessere Schie\u00dfst\u00e4tte errichtet. Als Mieter wurde der &#8211; Halterverein &#8211; \u201eIG-PSV-Graz Puntigamer\u201c gegr\u00fcndet. Es folgten viele erfolgreiche Jahre in Zusammenarbeit zwischen der \u201eIG-PSV-Graz Puntigamer\u201c und der \u201ePolizeisportvereinigung Graz\u201c. Im Sommer 2010 kam es allerdings zur Trennung der beiden oben genannten Vereine.\u00a0Die \u201eIG-PSV-Graz Puntigamer\u201c wurde in einer au\u00dferordentlichen Generalversammlung in den \u201ePuntigamer Sportsch\u00fctzenverein\u201c umgewandelt. Wir sind sehr stolz, dass wir den Namen \u201ePuntigamer\u201c im Vereinsnamen f\u00fchren d\u00fcrfen und bedanken uns an dieser Stelle\u00a0f\u00fcr die tatkr\u00e4ftige Unterst\u00fctzung bei der Brauerei Puntigam.<\/p>\n","protected":false},"author":1,"featured_media":0,"parent":0,"menu_order":1,"comment_status":"closed","ping_status":"closed","template":"","meta":{"footnotes":""},"class_list":["post-12","page","type-page","status-publish","hentry"],"_links":{"self":[{"href":"https:\/\/pssv.at\/index.php?rest_route=\/wp\/v2\/pages\/12","targetHints":{"allow":["GET"]}}],"collection":[{"href":"https:\/\/pssv.at\/index.php?rest_route=\/wp\/v2\/pages"}],"about":[{"href":"https:\/\/pssv.at\/index.php?rest_route=\/wp\/v2\/types\/page"}],"author":[{"embeddable":true,"href":"https:\/\/pssv.at\/index.php?rest_route=\/wp\/v2\/users\/1"}],"replies":[{"embeddable":true,"href":"https:\/\/pssv.at\/index.php?rest_route=%2Fwp%2Fv2%2Fcomments&post=12"}],"version-history":[{"count":6,"href":"https:\/\/pssv.at\/index.php?rest_route=\/wp\/v2\/pages\/12\/revisions"}],"predecessor-version":[{"id":778,"href":"https:\/\/pssv.at\/index.php?rest_route=\/wp\/v2\/pages\/12\/revisions\/778"}],"wp:attachment":[{"href":"https:\/\/pssv.at\/index.php?rest_route=%2Fwp%2Fv2%2Fmedia&parent=12"}],"curies":[{"name":"wp","href":"https:\/\/api.w.org\/{rel}","templated":true}]}}