{"id":10,"date":"2016-09-20T22:13:13","date_gmt":"2016-09-20T20:13:13","guid":{"rendered":"http:\/\/pssv.at\/?page_id=10"},"modified":"2020-03-03T09:15:25","modified_gmt":"2020-03-03T08:15:25","slug":"disziplinen","status":"publish","type":"page","link":"https:\/\/pssv.at\/?page_id=10","title":{"rendered":"DISZIPLINEN"},"content":{"rendered":"<p>Der Puntigamer Sportsch\u00fctzenverein f\u00f6rdert unterchiedliche Disziplinen des Sportschie\u00dfens:<\/p>\n<ol>\nIPSC (International Practical Shooting Confederation): <a href=\"http:\/\/pssv.at\/?page_id=814\">IPSC<\/a><\/ol>\n<ol>\nFFWGK (Faustfeuerwaffen Gro\u00dfkaliber): <a href=\"http:\/\/pssv.at\/?page_id=829\">FFWGK<\/a><\/ol>\n<ol>\n<p>LUFTDRUCK \/ -GEWEHR: <a href=\"http:\/\/pssv.at\/?page_id=818\">LUFT<\/a><\/ol>\n<p>Im Verein stehen mehrere Keller zur Verf\u00fcgung. Die Ausstattung umfasst dabei mobile Kugelf\u00e4nge, Pendelscheiben und Stahlplatten (Plates und Popper). W\u00f6chentliches Training findet bei uns ebenso statt wie \u00f6ffentliche Bewerbe. Gerne geben wir auch Einsteigern eine Einf\u00fchrung in unseren Verein.<\/p>\n<p>Unsere Anlage bietet Sch\u00fctzen viele M\u00f6glichkeiten in unterschiedlichen Disziplinen zu trainieren.  <\/p>\n","protected":false},"excerpt":{"rendered":"<p>Der Puntigamer Sportsch\u00fctzenverein f\u00f6rdert unterchiedliche Disziplinen des Sportschie\u00dfens: IPSC (International Practical Shooting Confederation): IPSC FFWGK (Faustfeuerwaffen Gro\u00dfkaliber): FFWGK LUFTDRUCK \/ -GEWEHR: LUFT Im Verein stehen mehrere Keller zur Verf\u00fcgung. Die Ausstattung umfasst dabei mobile Kugelf\u00e4nge, Pendelscheiben und Stahlplatten (Plates und Popper). W\u00f6chentliches Training findet bei uns ebenso statt wie \u00f6ffentliche Bewerbe. Gerne geben wir auch Einsteigern eine Einf\u00fchrung in unseren Verein. Unsere Anlage bietet Sch\u00fctzen viele M\u00f6glichkeiten in unterschiedlichen Disziplinen zu trainieren.<\/p>\n","protected":false},"author":1,"featured_media":0,"parent":0,"menu_order":2,"comment_status":"closed","ping_status":"closed","template":"","meta":{"footnotes":""},"class_list":["post-10","page","type-page","status-publish","hentry"],"_links":{"self":[{"href":"https:\/\/pssv.at\/index.php?rest_route=\/wp\/v2\/pages\/10","targetHints":{"allow":["GET"]}}],"collection":[{"href":"https:\/\/pssv.at\/index.php?rest_route=\/wp\/v2\/pages"}],"about":[{"href":"https:\/\/pssv.at\/index.php?rest_route=\/wp\/v2\/types\/page"}],"author":[{"embeddable":true,"href":"https:\/\/pssv.at\/index.php?rest_route=\/wp\/v2\/users\/1"}],"replies":[{"embeddable":true,"href":"https:\/\/pssv.at\/index.php?rest_route=%2Fwp%2Fv2%2Fcomments&post=10"}],"version-history":[{"count":12,"href":"https:\/\/pssv.at\/index.php?rest_route=\/wp\/v2\/pages\/10\/revisions"}],"predecessor-version":[{"id":839,"href":"https:\/\/pssv.at\/index.php?rest_route=\/wp\/v2\/pages\/10\/revisions\/839"}],"wp:attachment":[{"href":"https:\/\/pssv.at\/index.php?rest_route=%2Fwp%2Fv2%2Fmedia&parent=10"}],"curies":[{"name":"wp","href":"https:\/\/api.w.org\/{rel}","templated":true}]}}