{"id":829,"date":"2020-02-28T19:16:55","date_gmt":"2020-02-28T18:16:55","guid":{"rendered":"http:\/\/pssv.at\/?page_id=829"},"modified":"2020-02-28T19:17:11","modified_gmt":"2020-02-28T18:17:11","slug":"ffwgk-faustfeuerwaffe-grosskaliber","status":"publish","type":"page","link":"http:\/\/pssv.at\/?page_id=829","title":{"rendered":"FFWGK (Faustfeuerwaffe Gro\u00dfkaliber)"},"content":{"rendered":"<p> In dieser werden zwei unterschiedliche Zeitserien aus einer statischen Position auf eine Zielscheibe in einer vorgegebenen Entfernung abgegeben. Zugelassen sind handels\u00fcbliche Pistolen in den Kalibern 9 mm Luger und .45 ACP sowie Revolver in den Kalibern .357 Magnum und .44 Magnum. Einzelheiten zu Waffenbeschr\u00e4nkungen, Munition, Anschlagsart und dem Schie\u00dfprogramm werden \u00fcber die Sportordnung des Sch\u00fctzenbundes geregelt.<\/p>\n<p>Beispielsweise darf das Abzugsgewicht der Waffe 1000 g nicht unterschreiten, die Magazinkapazit\u00e4t muss mindestens f\u00fcnf Patronen betragen. Optische Zielhilfen sind nicht gestattet. Zudem ist die Verwendung der Munition vorgeschrieben. Munition f\u00fcr Revolver darf nur aus selbigen verschossen werden, dieses gilt analog f\u00fcr Pistolenmunition.<\/p>\n<p>Die Scheibenentfernung betr\u00e4gt 25 Meter, wobei es den Sport aus\u00fcbenden Vereinen selbst belassen bleibt ob sie Dreh- oder Standscheiben verwenden. Der Waffenanschlag erfolgt stehend freih\u00e4ndig. Die Waffe darf mit beiden H\u00e4nden gehalten werden und es darf im Voranschlag geschossen werden.<\/p>\n<p>Das Programm umfasst 40 Schuss bestehend aus zwei Durchg\u00e4ngen zu je 20 Schuss, diese sind unterteilt in vier Serien zu je f\u00fcnf Schuss in 150 Sekunden. Der zweite Durchgang umfasst vier Serien zu je f\u00fcnf Schuss in 20 Sekunden.<\/p>\n<p>[Quelle: <a href=\"https:\/\/de.wikipedia.org\/wiki\/Gro%C3%9Fkaliberpistole\/Gro%C3%9Fkaliberrevolver\">Wikipedia_FFWGK<\/a>]<\/p>\n","protected":false},"excerpt":{"rendered":"<p>In dieser werden zwei unterschiedliche Zeitserien aus einer statischen Position auf eine Zielscheibe in einer vorgegebenen Entfernung abgegeben. Zugelassen sind handels\u00fcbliche Pistolen in den Kalibern 9 mm Luger und .45 ACP sowie Revolver in den Kalibern .357 Magnum und .44 Magnum. Einzelheiten zu Waffenbeschr\u00e4nkungen, Munition, Anschlagsart und dem Schie\u00dfprogramm werden \u00fcber die Sportordnung des Sch\u00fctzenbundes geregelt. Beispielsweise darf das Abzugsgewicht der Waffe 1000 g nicht unterschreiten, die Magazinkapazit\u00e4t muss mindestens f\u00fcnf Patronen betragen. Optische Zielhilfen sind nicht gestattet. Zudem ist die Verwendung der Munition vorgeschrieben. Munition f\u00fcr Revolver darf nur aus selbigen verschossen werden, dieses gilt analog f\u00fcr Pistolenmunition. Die Scheibenentfernung betr\u00e4gt 25 Meter, wobei es den Sport aus\u00fcbenden Vereinen selbst belassen bleibt ob sie Dreh- oder Standscheiben verwenden. Der Waffenanschlag erfolgt stehend freih\u00e4ndig. Die Waffe darf mit beiden H\u00e4nden gehalten werden und es darf im Voranschlag geschossen werden. Das Programm umfasst 40 Schuss bestehend aus zwei Durchg\u00e4ngen zu je 20 Schuss, diese sind unterteilt in vier Serien zu je f\u00fcnf Schuss in 150 Sekunden. Der zweite Durchgang umfasst vier Serien zu je f\u00fcnf Schuss in 20 Sekunden. [Quelle: Wikipedia_FFWGK]<\/p>\n","protected":false},"author":5,"featured_media":0,"parent":10,"menu_order":2,"comment_status":"closed","ping_status":"closed","template":"","meta":{"footnotes":""},"class_list":["post-829","page","type-page","status-publish","hentry"],"_links":{"self":[{"href":"http:\/\/pssv.at\/index.php?rest_route=\/wp\/v2\/pages\/829","targetHints":{"allow":["GET"]}}],"collection":[{"href":"http:\/\/pssv.at\/index.php?rest_route=\/wp\/v2\/pages"}],"about":[{"href":"http:\/\/pssv.at\/index.php?rest_route=\/wp\/v2\/types\/page"}],"author":[{"embeddable":true,"href":"http:\/\/pssv.at\/index.php?rest_route=\/wp\/v2\/users\/5"}],"replies":[{"embeddable":true,"href":"http:\/\/pssv.at\/index.php?rest_route=%2Fwp%2Fv2%2Fcomments&post=829"}],"version-history":[{"count":1,"href":"http:\/\/pssv.at\/index.php?rest_route=\/wp\/v2\/pages\/829\/revisions"}],"predecessor-version":[{"id":830,"href":"http:\/\/pssv.at\/index.php?rest_route=\/wp\/v2\/pages\/829\/revisions\/830"}],"up":[{"embeddable":true,"href":"http:\/\/pssv.at\/index.php?rest_route=\/wp\/v2\/pages\/10"}],"wp:attachment":[{"href":"http:\/\/pssv.at\/index.php?rest_route=%2Fwp%2Fv2%2Fmedia&parent=829"}],"curies":[{"name":"wp","href":"https:\/\/api.w.org\/{rel}","templated":true}]}}