{"id":774,"date":"2020-02-24T12:25:32","date_gmt":"2020-02-24T11:25:32","guid":{"rendered":"http:\/\/pssv.at\/?page_id=774"},"modified":"2021-10-10T08:39:53","modified_gmt":"2021-10-10T06:39:53","slug":"schiessanlage","status":"publish","type":"page","link":"http:\/\/pssv.at\/?page_id=774","title":{"rendered":"SCHIESSANLAGE"},"content":{"rendered":"<p>Die Indoor Schie\u00dfanlage des Puntigamer Sportsch\u00fctzenverein erstreckt sich \u00fcber 9 Keller mit insgesamt ca. 714 m\u00b2 Nutzfl\u00e4che. Die Anlage ist in folgende Fl\u00e4chen aufgeteilt:<\/p>\n<p>&#8211; Aufenthaltsraum<br \/>\n&#8211; Lager \/ Werkstatt inkl. Chrono<br \/>\n&#8211; Laserschie\u00dfkino<br \/>\n&#8211; Keller 1-6: Schie\u00dfst\u00e4nde f\u00fcr das Schie\u00dfen mit Gro\u00dfkaliber Faustfeuerwaffen lt. aktueller Schie\u00dfordnung des PSSV<\/p>\n<p><img loading=\"lazy\" decoding=\"async\" class=\"alignnone size-full wp-image-548\" src=\"http:\/\/pssv.at\/wp-content\/uploads\/2019\/06\/IMG_20180529_222658_1_edited_edited.jpg\" alt=\"\" width=\"759\" height=\"569\" srcset=\"http:\/\/pssv.at\/wp-content\/uploads\/2019\/06\/IMG_20180529_222658_1_edited_edited.jpg 759w, http:\/\/pssv.at\/wp-content\/uploads\/2019\/06\/IMG_20180529_222658_1_edited_edited-300x225.jpg 300w\" sizes=\"auto, (max-width: 759px) 100vw, 759px\" \/><\/p>\n","protected":false},"excerpt":{"rendered":"<p>Die Indoor Schie\u00dfanlage des Puntigamer Sportsch\u00fctzenverein erstreckt sich \u00fcber 9 Keller mit insgesamt ca. 714 m\u00b2 Nutzfl\u00e4che. Die Anlage ist in folgende Fl\u00e4chen aufgeteilt: &#8211; Aufenthaltsraum &#8211; Lager \/ Werkstatt inkl. Chrono &#8211; Laserschie\u00dfkino &#8211; Keller 1-6: Schie\u00dfst\u00e4nde f\u00fcr das Schie\u00dfen mit Gro\u00dfkaliber Faustfeuerwaffen lt. aktueller Schie\u00dfordnung des PSSV<\/p>\n","protected":false},"author":5,"featured_media":0,"parent":12,"menu_order":1,"comment_status":"closed","ping_status":"closed","template":"","meta":{"footnotes":""},"class_list":["post-774","page","type-page","status-publish","hentry"],"_links":{"self":[{"href":"http:\/\/pssv.at\/index.php?rest_route=\/wp\/v2\/pages\/774","targetHints":{"allow":["GET"]}}],"collection":[{"href":"http:\/\/pssv.at\/index.php?rest_route=\/wp\/v2\/pages"}],"about":[{"href":"http:\/\/pssv.at\/index.php?rest_route=\/wp\/v2\/types\/page"}],"author":[{"embeddable":true,"href":"http:\/\/pssv.at\/index.php?rest_route=\/wp\/v2\/users\/5"}],"replies":[{"embeddable":true,"href":"http:\/\/pssv.at\/index.php?rest_route=%2Fwp%2Fv2%2Fcomments&post=774"}],"version-history":[{"count":6,"href":"http:\/\/pssv.at\/index.php?rest_route=\/wp\/v2\/pages\/774\/revisions"}],"predecessor-version":[{"id":965,"href":"http:\/\/pssv.at\/index.php?rest_route=\/wp\/v2\/pages\/774\/revisions\/965"}],"up":[{"embeddable":true,"href":"http:\/\/pssv.at\/index.php?rest_route=\/wp\/v2\/pages\/12"}],"wp:attachment":[{"href":"http:\/\/pssv.at\/index.php?rest_route=%2Fwp%2Fv2%2Fmedia&parent=774"}],"curies":[{"name":"wp","href":"https:\/\/api.w.org\/{rel}","templated":true}]}}